{"id":172,"date":"2013-11-18T20:54:11","date_gmt":"2013-11-18T19:54:11","guid":{"rendered":"http:\/\/colomiers-volley.fr\/?page_id=172"},"modified":"2026-03-28T14:31:03","modified_gmt":"2026-03-28T13:31:03","slug":"le-club","status":"publish","type":"page","link":"https:\/\/colomiers-volley.fr\/?page_id=172","title":{"rendered":"Le Club"},"content":{"rendered":"<h2>Pr\u00e9sentation<\/h2>\n<p>Vous recherchez un club sympa et dynamique pour jouer au Volley en Loisir ou en Comp\u00e9tition ?<\/p>\n<p>Le club est ouvert \u00e0 tous \u00e0 partir de 13 ans.<\/p>\n<p>Alors rejoignez nous \u00e0 Colomiers&#8230;\u00a0Progr\u00e8s et convivialit\u00e9 assur\u00e9s !!!<\/p>\n<p>La section Volley Ball de COLOMIERS CLLL L\u00e9o Lagrange comprend :<\/p>\n<ul>\n<li>1 \u00e9cole de jeunes de 13 \u00e0 17 ans<\/li>\n<li>8 \u00e9quipes inscrites en championnat<\/li>\n<li>1 section Loisir D\u00e9tente<\/li>\n<\/ul>\n<p>Voir la <a href=\"https:\/\/youtu.be\/axZ-3u9HkEo\" target=\"_blank\" rel=\"noopener\">vid\u00e9o de pr\u00e9sentation du Club de Volley Colomiers<\/a><\/p>\n<h2>Equipes<\/h2>\n<p>8 \u00e9quipes sont inscrites en championnat FSGT<\/p>\n<ul>\n<li>1 \u00e9quipe f\u00e9minine<\/li>\n<li>3 \u00e9quipes mixtes<\/li>\n<li>4 \u00e9quipes masculines<\/li>\n<\/ul>\n<div>\n<h2><a title=\"Contact\" href=\"https:\/\/colomiers-volley.fr\/?page_id=14\">Rejoignez-nous<\/a><\/h2>\n<p><img loading=\"lazy\" decoding=\"async\" class=\"wp-image-156 size-full alignnone\" src=\"https:\/\/colomiers-volley.fr\/wp-content\/uploads\/2013\/10\/colomiers-022.jpg\" alt=\"il est beau chris\" width=\"900\" height=\"600\" srcset=\"https:\/\/colomiers-volley.fr\/wp-content\/uploads\/2013\/10\/colomiers-022.jpg 900w, https:\/\/colomiers-volley.fr\/wp-content\/uploads\/2013\/10\/colomiers-022-300x200.jpg 300w\" sizes=\"auto, (max-width: 900px) 100vw, 900px\" \/><\/p>\n<\/div>\n","protected":false},"excerpt":{"rendered":"<p>Pr\u00e9sentation Vous recherchez un club sympa et dynamique pour jouer au Volley en Loisir ou en Comp\u00e9tition ? Le club&#8230;  <a class=\"excerpt-read-more\" href=\"https:\/\/colomiers-volley.fr\/?page_id=172\" title=\"Read Le Club\">Read more &raquo;<\/a><\/p>\n","protected":false},"author":1,"featured_media":0,"parent":0,"menu_order":0,"comment_status":"closed","ping_status":"closed","template":"template\/template-about.php","meta":{"footnotes":""},"class_list":["post-172","page","type-page","status-publish","hentry"],"_links":{"self":[{"href":"https:\/\/colomiers-volley.fr\/index.php?rest_route=\/wp\/v2\/pages\/172","targetHints":{"allow":["GET"]}}],"collection":[{"href":"https:\/\/colomiers-volley.fr\/index.php?rest_route=\/wp\/v2\/pages"}],"about":[{"href":"https:\/\/colomiers-volley.fr\/index.php?rest_route=\/wp\/v2\/types\/page"}],"author":[{"embeddable":true,"href":"https:\/\/colomiers-volley.fr\/index.php?rest_route=\/wp\/v2\/users\/1"}],"replies":[{"embeddable":true,"href":"https:\/\/colomiers-volley.fr\/index.php?rest_route=%2Fwp%2Fv2%2Fcomments&post=172"}],"version-history":[{"count":18,"href":"https:\/\/colomiers-volley.fr\/index.php?rest_route=\/wp\/v2\/pages\/172\/revisions"}],"predecessor-version":[{"id":2857,"href":"https:\/\/colomiers-volley.fr\/index.php?rest_route=\/wp\/v2\/pages\/172\/revisions\/2857"}],"wp:attachment":[{"href":"https:\/\/colomiers-volley.fr\/index.php?rest_route=%2Fwp%2Fv2%2Fmedia&parent=172"}],"curies":[{"name":"wp","href":"https:\/\/api.w.org\/{rel}","templated":true}]}}