{"id":2477,"date":"2025-11-10T17:21:05","date_gmt":"2025-11-10T16:21:05","guid":{"rendered":"https:\/\/colomiers-volley.fr\/?page_id=2477"},"modified":"2026-02-20T17:35:43","modified_gmt":"2026-02-20T16:35:43","slug":"les-equipes-et-les-resultats","status":"publish","type":"page","link":"https:\/\/colomiers-volley.fr\/?page_id=2477","title":{"rendered":"Les Equipes et les R\u00e9sultats"},"content":{"rendered":"\n<p>Pour la saison 2025-2026, 7 \u00e9quipes sont engag\u00e9es en championnat FSGT.<br>Ci-dessous les responsables d\u2019\u00e9quipe avec leur jour de r\u00e9ception des matchs, tous au<br><strong>gymnase L\u00e9on Blum (2 Chemin du Maour\u00e9, 31770 Colomiers)<\/strong><\/p>\n\n\n\n<p><\/p>\n\n\n\n<figure class=\"wp-block-table\"><table><tbody><tr><td><strong>Equipe<\/strong><\/td><td><strong>Niveau<\/strong><\/td><td><strong>Jour de r\u00e9ception<\/strong><\/td><td><strong>Capitaine<\/strong><\/td><\/tr><tr><td>f\u00e9minine 1<\/td><td>Honneur<\/td><td>lundi<\/td><td>Caroline CESCON<\/td><\/tr><tr><td>masculine 1<\/td><td>Excellence A<\/td><td>mardi<\/td><td>Jean-Christophe NANTEUIL<\/td><\/tr><tr><td>masculine 2<\/td><td>Excellence B<\/td><td>mardi<\/td><td>Cyril VIREY<\/td><\/tr><tr><td>masculine 3<\/td><td>Excellence C<\/td><td>lundi<\/td><td>Yven LASCOMBES<\/td><\/tr><tr><td>masculine 4<\/td><td>Promotion<\/td><td>mercredi<\/td><td>Aur\u00e9lien VERPOORT<\/td><\/tr><tr><td>mixte 1<\/td><td>Honneur C<\/td><td>jeudi<\/td><td>Pierre CARRIERE<\/td><\/tr><tr><td>mixte 2<\/td><td>Honneur A<\/td><td>jeudi<\/td><td>V\u00e9ronique RUMIN<\/td><\/tr><tr><td>mixte 3 <\/td><td>Excellence C<\/td><td>mercredi<\/td><td>C\u00e9dric BARNET<\/td><\/tr><\/tbody><\/table><\/figure>\n\n\n\n<p><strong>Les r\u00e9sultats sont accessibles sur le site<\/strong><\/p>\n\n\n\n<figure class=\"wp-block-image size-full is-resized\"><a href=\"https:\/\/www.hdum.com\/siteZ\/resultats.php\" target=\"_blank\" rel=\" noreferrer noopener\"><img loading=\"lazy\" decoding=\"async\" width=\"161\" height=\"159\" src=\"https:\/\/colomiers-volley.fr\/wp-content\/uploads\/2024\/11\/FSGT-31.jpg\" alt=\"\" class=\"wp-image-2373\" style=\"width:96px;height:auto\"\/><\/a><\/figure>\n\n\n<div class=\"wp-block-image\">\n<figure class=\"aligncenter size-large\"><img loading=\"lazy\" decoding=\"async\" width=\"882\" height=\"1024\" src=\"https:\/\/colomiers-volley.fr\/wp-content\/uploads\/2026\/02\/FEMININE-882x1024.jpg\" alt=\"Equipe FEMININE COLOMIERS\" class=\"wp-image-2811\" srcset=\"https:\/\/colomiers-volley.fr\/wp-content\/uploads\/2026\/02\/FEMININE-882x1024.jpg 882w, https:\/\/colomiers-volley.fr\/wp-content\/uploads\/2026\/02\/FEMININE-258x300.jpg 258w, https:\/\/colomiers-volley.fr\/wp-content\/uploads\/2026\/02\/FEMININE-768x892.jpg 768w, https:\/\/colomiers-volley.fr\/wp-content\/uploads\/2026\/02\/FEMININE-1323x1536.jpg 1323w, https:\/\/colomiers-volley.fr\/wp-content\/uploads\/2026\/02\/FEMININE-1764x2048.jpg 1764w\" sizes=\"auto, (max-width: 882px) 100vw, 882px\" \/><figcaption class=\"wp-element-caption\"><strong> FEMININE<\/strong><\/figcaption><\/figure>\n<\/div>\n\n\n<p><\/p>\n\n\n<div class=\"wp-block-image\">\n<figure class=\"aligncenter size-large\"><img loading=\"lazy\" decoding=\"async\" width=\"1024\" height=\"817\" src=\"https:\/\/colomiers-volley.fr\/wp-content\/uploads\/2026\/02\/MASCULINE-1-1024x817.jpg\" alt=\"Equipe MASCULINE 1\" class=\"wp-image-2812\" srcset=\"https:\/\/colomiers-volley.fr\/wp-content\/uploads\/2026\/02\/MASCULINE-1-1024x817.jpg 1024w, https:\/\/colomiers-volley.fr\/wp-content\/uploads\/2026\/02\/MASCULINE-1-300x239.jpg 300w, https:\/\/colomiers-volley.fr\/wp-content\/uploads\/2026\/02\/MASCULINE-1-768x613.jpg 768w, https:\/\/colomiers-volley.fr\/wp-content\/uploads\/2026\/02\/MASCULINE-1-1536x1225.jpg 1536w, https:\/\/colomiers-volley.fr\/wp-content\/uploads\/2026\/02\/MASCULINE-1-2048x1634.jpg 2048w\" sizes=\"auto, (max-width: 1024px) 100vw, 1024px\" \/><figcaption class=\"wp-element-caption\"><strong>MASULINE1<\/strong><\/figcaption><\/figure>\n<\/div>\n\n\n<p><\/p>\n\n\n<div class=\"wp-block-image\">\n<figure class=\"aligncenter size-large\"><img loading=\"lazy\" decoding=\"async\" width=\"1024\" height=\"745\" src=\"https:\/\/colomiers-volley.fr\/wp-content\/uploads\/2026\/02\/MASCULINE-2-1024x745.jpg\" alt=\"Equipe MASCULINE 2 COLOMIERS\" class=\"wp-image-2813\" srcset=\"https:\/\/colomiers-volley.fr\/wp-content\/uploads\/2026\/02\/MASCULINE-2-1024x745.jpg 1024w, https:\/\/colomiers-volley.fr\/wp-content\/uploads\/2026\/02\/MASCULINE-2-300x218.jpg 300w, https:\/\/colomiers-volley.fr\/wp-content\/uploads\/2026\/02\/MASCULINE-2-768x559.jpg 768w, https:\/\/colomiers-volley.fr\/wp-content\/uploads\/2026\/02\/MASCULINE-2-1536x1117.jpg 1536w, https:\/\/colomiers-volley.fr\/wp-content\/uploads\/2026\/02\/MASCULINE-2-2048x1490.jpg 2048w\" sizes=\"auto, (max-width: 1024px) 100vw, 1024px\" \/><figcaption class=\"wp-element-caption\"><strong>MASCULINE2<\/strong><\/figcaption><\/figure>\n<\/div>\n\n\n<p><\/p>\n\n\n<div class=\"wp-block-image\">\n<figure class=\"aligncenter size-large\"><img loading=\"lazy\" decoding=\"async\" width=\"1024\" height=\"747\" src=\"https:\/\/colomiers-volley.fr\/wp-content\/uploads\/2026\/02\/MASCULINE-3-1024x747.jpg\" alt=\"Equipe MASCULINE 3 COLOMIERS\" class=\"wp-image-2814\" srcset=\"https:\/\/colomiers-volley.fr\/wp-content\/uploads\/2026\/02\/MASCULINE-3-1024x747.jpg 1024w, https:\/\/colomiers-volley.fr\/wp-content\/uploads\/2026\/02\/MASCULINE-3-300x219.jpg 300w, https:\/\/colomiers-volley.fr\/wp-content\/uploads\/2026\/02\/MASCULINE-3-768x561.jpg 768w, https:\/\/colomiers-volley.fr\/wp-content\/uploads\/2026\/02\/MASCULINE-3-1536x1121.jpg 1536w, https:\/\/colomiers-volley.fr\/wp-content\/uploads\/2026\/02\/MASCULINE-3-2048x1495.jpg 2048w\" sizes=\"auto, (max-width: 1024px) 100vw, 1024px\" \/><figcaption class=\"wp-element-caption\"><strong>MASCULINE3<\/strong><\/figcaption><\/figure>\n<\/div>\n\n\n<p><\/p>\n\n\n<div class=\"wp-block-image\">\n<figure class=\"aligncenter size-large\"><img loading=\"lazy\" decoding=\"async\" width=\"1024\" height=\"740\" src=\"https:\/\/colomiers-volley.fr\/wp-content\/uploads\/2026\/02\/MASCULINE-4-1024x740.jpg\" alt=\"Equipe MASCULINE 4 COLOMIERS\" class=\"wp-image-2815\" srcset=\"https:\/\/colomiers-volley.fr\/wp-content\/uploads\/2026\/02\/MASCULINE-4-1024x740.jpg 1024w, https:\/\/colomiers-volley.fr\/wp-content\/uploads\/2026\/02\/MASCULINE-4-300x217.jpg 300w, https:\/\/colomiers-volley.fr\/wp-content\/uploads\/2026\/02\/MASCULINE-4-768x555.jpg 768w, https:\/\/colomiers-volley.fr\/wp-content\/uploads\/2026\/02\/MASCULINE-4-1536x1110.jpg 1536w, https:\/\/colomiers-volley.fr\/wp-content\/uploads\/2026\/02\/MASCULINE-4-2048x1480.jpg 2048w\" sizes=\"auto, (max-width: 1024px) 100vw, 1024px\" \/><figcaption class=\"wp-element-caption\"><strong>MASCULINE4<\/strong><\/figcaption><\/figure>\n<\/div>\n\n\n<p><\/p>\n\n\n<div class=\"wp-block-image\">\n<figure class=\"aligncenter size-large\"><img loading=\"lazy\" decoding=\"async\" width=\"1024\" height=\"849\" src=\"https:\/\/colomiers-volley.fr\/wp-content\/uploads\/2026\/02\/MIXTE-1-1024x849.jpg\" alt=\"Equipe MIXTE 1 COLOMIERS\" class=\"wp-image-2816\" srcset=\"https:\/\/colomiers-volley.fr\/wp-content\/uploads\/2026\/02\/MIXTE-1-1024x849.jpg 1024w, https:\/\/colomiers-volley.fr\/wp-content\/uploads\/2026\/02\/MIXTE-1-300x249.jpg 300w, https:\/\/colomiers-volley.fr\/wp-content\/uploads\/2026\/02\/MIXTE-1-768x637.jpg 768w, https:\/\/colomiers-volley.fr\/wp-content\/uploads\/2026\/02\/MIXTE-1-1536x1273.jpg 1536w, https:\/\/colomiers-volley.fr\/wp-content\/uploads\/2026\/02\/MIXTE-1-2048x1698.jpg 2048w\" sizes=\"auto, (max-width: 1024px) 100vw, 1024px\" \/><figcaption class=\"wp-element-caption\"><strong>MIXTE1<\/strong><\/figcaption><\/figure>\n<\/div>\n\n\n<p><\/p>\n\n\n<div class=\"wp-block-image\">\n<figure class=\"aligncenter size-large\"><img loading=\"lazy\" decoding=\"async\" width=\"1024\" height=\"967\" src=\"https:\/\/colomiers-volley.fr\/wp-content\/uploads\/2026\/02\/MIXTE-2-1024x967.jpg\" alt=\"Equipe MIXTE 2 COLOMIERS\" class=\"wp-image-2817\" srcset=\"https:\/\/colomiers-volley.fr\/wp-content\/uploads\/2026\/02\/MIXTE-2-1024x967.jpg 1024w, https:\/\/colomiers-volley.fr\/wp-content\/uploads\/2026\/02\/MIXTE-2-300x283.jpg 300w, https:\/\/colomiers-volley.fr\/wp-content\/uploads\/2026\/02\/MIXTE-2-768x725.jpg 768w, https:\/\/colomiers-volley.fr\/wp-content\/uploads\/2026\/02\/MIXTE-2-1536x1451.jpg 1536w, https:\/\/colomiers-volley.fr\/wp-content\/uploads\/2026\/02\/MIXTE-2-2048x1934.jpg 2048w\" sizes=\"auto, (max-width: 1024px) 100vw, 1024px\" \/><figcaption class=\"wp-element-caption\"><strong>MIXTE2<\/strong><\/figcaption><\/figure>\n<\/div>\n\n\n<p><\/p>\n\n\n<div class=\"wp-block-image\">\n<figure class=\"aligncenter size-large\"><img loading=\"lazy\" decoding=\"async\" width=\"937\" height=\"1024\" src=\"https:\/\/colomiers-volley.fr\/wp-content\/uploads\/2026\/02\/MIXTE-3-937x1024.jpg\" alt=\"Equipe MIXTE 3 COLOMIERS\" class=\"wp-image-2818\" srcset=\"https:\/\/colomiers-volley.fr\/wp-content\/uploads\/2026\/02\/MIXTE-3-937x1024.jpg 937w, https:\/\/colomiers-volley.fr\/wp-content\/uploads\/2026\/02\/MIXTE-3-275x300.jpg 275w, https:\/\/colomiers-volley.fr\/wp-content\/uploads\/2026\/02\/MIXTE-3-768x839.jpg 768w, https:\/\/colomiers-volley.fr\/wp-content\/uploads\/2026\/02\/MIXTE-3-1405x1536.jpg 1405w, https:\/\/colomiers-volley.fr\/wp-content\/uploads\/2026\/02\/MIXTE-3-1874x2048.jpg 1874w\" sizes=\"auto, (max-width: 937px) 100vw, 937px\" \/><figcaption class=\"wp-element-caption\"><strong>MIXTE3<\/strong><\/figcaption><\/figure>\n<\/div>\n\n\n<p><\/p>\n","protected":false},"excerpt":{"rendered":"<p>Pour la saison 2025-2026, 7 \u00e9quipes sont engag\u00e9es en championnat FSGT.Ci-dessous les responsables d\u2019\u00e9quipe avec leur jour de r\u00e9ception des&#8230;  <a class=\"excerpt-read-more\" href=\"https:\/\/colomiers-volley.fr\/?page_id=2477\" title=\"Read Les Equipes et les R\u00e9sultats\">Read more &raquo;<\/a><\/p>\n","protected":false},"author":3,"featured_media":0,"parent":0,"menu_order":0,"comment_status":"closed","ping_status":"closed","template":"","meta":{"footnotes":""},"class_list":["post-2477","page","type-page","status-publish","hentry"],"_links":{"self":[{"href":"https:\/\/colomiers-volley.fr\/index.php?rest_route=\/wp\/v2\/pages\/2477","targetHints":{"allow":["GET"]}}],"collection":[{"href":"https:\/\/colomiers-volley.fr\/index.php?rest_route=\/wp\/v2\/pages"}],"about":[{"href":"https:\/\/colomiers-volley.fr\/index.php?rest_route=\/wp\/v2\/types\/page"}],"author":[{"embeddable":true,"href":"https:\/\/colomiers-volley.fr\/index.php?rest_route=\/wp\/v2\/users\/3"}],"replies":[{"embeddable":true,"href":"https:\/\/colomiers-volley.fr\/index.php?rest_route=%2Fwp%2Fv2%2Fcomments&post=2477"}],"version-history":[{"count":12,"href":"https:\/\/colomiers-volley.fr\/index.php?rest_route=\/wp\/v2\/pages\/2477\/revisions"}],"predecessor-version":[{"id":2829,"href":"https:\/\/colomiers-volley.fr\/index.php?rest_route=\/wp\/v2\/pages\/2477\/revisions\/2829"}],"wp:attachment":[{"href":"https:\/\/colomiers-volley.fr\/index.php?rest_route=%2Fwp%2Fv2%2Fmedia&parent=2477"}],"curies":[{"name":"wp","href":"https:\/\/api.w.org\/{rel}","templated":true}]}}